hen 92 is divided by q.
30
Suppose o - 23 - 14 = -2*c, -3*o = -c + 8. What is the remainder when c is divided by 7?
3
Suppose -2*s + 92 = 2*g, 0 = -s - 4*g + 4 + 27. Suppose -4*i + s = -41. What is the remainder when i is divided by 8?
7
Let s be (-4)/8*2 - -9. Suppose 0 = -3*c + 43 + s. Calculate the remainder when c is divided by 10.
7
Let s = 8 + -2. Calculate the remainder when 23 is divided by s.
5
Let s(i) = i**3 + 13*i**2 + 10*i - 15. Calculate the remainder when 50 is divided by s(-12).
5
Let z = -4 + 7. What is the remainder when 51 is divided by (-58 + z - -3)/(-2)?
25
Let o = -46 - -55. What is the remainder when 34 is divided by o?
7
Suppose -4*b = 5*t - 87 - 211, 4*b + 50 = t. Calculate the remainder when t is divided by 15.
13
Let q = 2 - 7. Let d be 1/(1*(-1 + 0)). Let s = d - q. What is the remainder when 14 is divided by s?
2
Let w be 1/(-4) - (-66)/8. Suppose -4*v + w + 8 = 0. Suppose -22 - 58 = -5*d - 5*s, 0 = v*d - 5*s - 37. What is the remainder when 38 is divided by d?
12
Suppose 4 = 3*t + t, 0 = -3*l + 5*t + 52. Suppose 5*x - 53 = -4*i, -4*i = i - 4*x - 15. What is the remainder when l is divided by i?
5
Let u be (-82 - -4)*3/(-6). Suppose 3*q + 15 - u = 0. Calculate the remainder when 13 is divided by q.
5
Let d be (-3)/(-12) + (-135)/(-4). Suppose -3*p + d + 71 = 0. Calculate the remainder when p is divided by 12.
11
Let c(o) = -o**3 + 12*o**2 + 13*o + 11. Let s(x) = -x**3 + 11*x**2 + 12*x + 13. Let v be s(12). What is the remainder when (-258)/(-8) - 1/4 is divided by c(v)?
10
Let h(i) = 8*i - 1. Let a be 1 + (7 - 2) + -2. What is the remainder when h(a) is divided by 17?
14
Suppose -3*x + 6 = 4*f, f - x + 3*x - 4 = 0. Suppose 3*w + w - 20 = f. Suppose y + 39 = 4*y. Calculate the remainder when y is divided by w.
3
Suppose 2*d + 5*s = -2, 10 = -d - 5*s - 1. Let m = -16 + 34. Calculate the remainder when m is divided by 1*(d - 1) + 2.
8
Let o(h) = -12*h - 21. What is the remainder when o(-4) is divided by (1 - -1 - 1)*7?
6
Let f(h) = -h**2 + 9*h - 10. Let b be f(8). Suppose 5*r - 205 = -35. What is the remainder when r is divided by ((-24)/b)/(2/2)?
10
Suppose -8 - 2 = -3*x - n, 5*x - 18 = -2*n. What is the remainder when 4 is divided by x?
0
Suppose -4*v + 0*f - 2*f + 18 = 0, 3*v + 9 = 3*f. Suppose -5*o = -5*w - 430, -5*o + v*w = -2*w - 429. What is the remainder when o is divided by 22?
19
Let y = -68 - -45. Let w = -16 - y. Suppose 3*d = 2*j - 12, 6*j - 7 = j - 4*d. Calculate the remainder when w is divided by j.
1
Let x(q) = 13*q - 4. Calculate the remainder when x(2) is divided by 8.
6
Suppose 10*a - 101 - 9 = 0. Calculate the remainder when 16 is divided by a.
5
Let o(m) = 22*m + 9. Let x(v) = -v + 1. Let c(j) = o(j) - 5*x(j). Calculate the remainder when c(3) is divided by 22.
19
Let k = 0 - -2. Let u be (k/(-3))/((-2)/6). Calculate the remainder when (u + -1)/(5/25) is divided by 2.
1
Suppose -g = 5*c + 47, 0 = c - 5*g + 4 - 5. Calculate the remainder when 12 is divided by (-8)/12 - 51/c.
2
Let w = 49 - 2. What is the remainder when w is divided by 12?
11
Let j(g) = 4*g - 19. What is the remainder when 11 is divided by j(6)?
1
Let h = 39 - 13. Suppose 2*g = 2*y - h, g - 4 = 2*g. Calculate the remainder when 25 is divided by y.
7
Suppose -q = -4 + 1. Let z be 32/(-2) - 2/2. Let p = z + 25. Calculate the remainder when p is divided by q.
2
Let z(l) = l**3 - 10*l**2 + 4. Let t be z(10). Suppose 3*n - 15 = 3*x, -2*n + t*x + 6 = -4. What is the remainder when 18 is divided by n?
3
Let k(p) = p**3 - 2*p - 1. Let s(i) = i**2 + 4*i + 2. Let y be s(-4). Let q be k(y). Suppose 0 - 6 = -q*o. Calculate the remainder when 5 is divided by o.
1
Suppose 4*w - 3*w - 51 = 0. Let g = -22 + w. What is the remainder when g is divided by 16?
13
Let g = 19 - -2. Calculate the remainder when 60 is divided by g.
18
Let o = 18 - 15. Let m = o - -2. What is the remainder when m is divided by 2?
1
Let k(j) = j**2 - 4*j + 5. Suppose 5*y - 38 + 8 = 2*a, 0 = 4*y - a - 27. What is the remainder when y is divided by k(4)?
3
Suppose c = -4*c. Suppose -v + 1 - 6 = 2*w, -3*w - 21 = -3*v. Let m = v - c. What is the remainder when m is divided by 2?
1
Suppose -5*a + 14 = -1. Calculate the remainder when 7 is divided by a.
1
Let w(f) be the first derivative of -f**4/4 - f**3/3 - f**2/2 - 4*f + 2. What is the remainder when w(-3) is divided by 9?
8
Let b = 15 - 1. Suppose 5*w = -r - 15, w + 7 + 2 = r. What is the remainder when b is divided by r?
4
Suppose -w - m + 49 = 0, w - 3*m + 197 = 5*w. Suppose 3*n = 127 + w. Calculate the remainder when n is divided by 15.
14
Let w be (5 - 4) + 1 + 2. Suppose -w = -2*u + u. Suppose 7 - 27 = -u*s. What is the remainder when 9 is divided by s?
4
Calculate the remainder when 0 - ((-4)/2 - 84) is divided by 22.
20
Suppose 5*l = -27 + 237. Calculate the remainder when l is divided by 9.
6
Let q(t) = t + 5. Calculate the remainder when q(3) is divided by 4.
0
What is the remainder when (-6)/(-4)*(51 - 17) is divided by 18?
15
Let r(d) = d**2 - 2*d. Let u be r(3). Suppose -u*p - 69 = -6*p. Calculate the remainder when p is divided by 8.
7
Suppose 2*w - 55 = 39. Suppose 3*q = 2*u - 28, 0 = -3*q - 2*q - 20. What is the remainder when w is divided by u?
7
Let w(z) = z**3 + 6*z**2 + 2*z + 8. Let g be w(-6). Calculate the remainder when 7 is divided by 1 - (-2)/(-4)*g.
1
Let s(f) = f**3 + 25. Let n be 0/(3*(2 - 3)). What is the remainder when s(n) is divided by 13?
12
Let z = -45 + 97. Let x = z - 22. What is the remainder when 119 is divided by x?
29
Suppose -4*i + 23 = -5*i. Let j = i + 39. Calculate the remainder when j is divided by 9.
7
Let k = -2 - -6. Suppose j + 4 = 3*j. Let b = 5 + j. Calculate the remainder when b is divided by k.
3
Let z = -14 + 7. Calculate the remainder when 1 + (-1 - 3) - z is divided by 3.
1
Let w = 9 + 1. Let m(l) = l**2 - 7*l + 11. Let j be m(6). Suppose 0 = 3*s - 2*q - 18, -4*s - 10 + 34 = -j*q. What is the remainder when w is divided by s?
4
Let d(u) = -12*u**2 + 3*u - 3. Let m be (2/4 - 1)*-4. Let x be d(m). Let v = -31 - x. Calculate the remainder when v is divided by 5.
4
Suppose 0 = 3*p - 5*b + b + 3, 0 = 2*p + b + 2. Suppose 3*c - 12 = 72. Calculate the remainder when c is divided by (-45)/6*(-1 + p).
13
Let a = -17 - -31. What is the remainder when a is divided by 4?
2
Let f(p) = p + 12. Let o be ((-15)/12)/(1/4). Suppose 2*i = -5*n + 20, -3*i - 3*n + 56 = -2*n. Calculate the remainder when i is divided by f(o).
6
Suppose -7 + 412 = 15*y. What is the remainder when 53 is divided by y?
26
Suppose 3*r - r = 0. Suppose 3*j - j - 134 = r. What is the remainder when j is divided by 17?
16
Let x(m) = -17*m - 3. Let a be 6/(-4)*10/(-3). Let p(b) = 3*b + 7. What is the remainder when x(-4) is divided by p(a)?
21
Suppose 2*c + k = 23, 3*k = 3*c + k - 45. Calculate the remainder when 51 is divided by c.
12
Let c = 5 + -8. Let n = c - -13. Calculate the remainder when n is divided by 6.
4
Let h = -13 + -21. Let f be (-11 + -1)/2*11. Let d = h - f. Calculate the remainder when d is divided by 11.
10
Let o = -19 - -26. What is the remainder when 20 is divided by o?
6
Suppose -2*k - 25 = -7*k. Suppose -m - k*w + 32 = 0, 0*m + 2*w - 35 = -m. What is the remainder when m is divided by 19?
18
Let j(q) be the third derivative of -q**6/120 + 3*q**3/2 - 2*q**2. What is the remainder when (-104)/(-6) + 3/(-9) is divided by j(0)?
8
Suppose 3*d + 48 = -d. Suppose -22 = -4*t + 10. What is the remainder when (-375)/d + 2/(-8) is divided by t?
7
Suppose -2*p = -2 - 0, -3*v + 49 = 4*p. What is the remainder when v is divided by 6?
3
What is the remainder when -2 + (1 - (-120 - 3)) is divided by 41?
40
Let j(h) = 2*h**2 - 6*h + 4. What is the remainder when j(4) is divided by 7/2*(3 - 1)?
5
Suppose 6*f = 5*n + f + 15, n - 4*f = -18. Let z = 15 + n. Calculate the remainder when 50 is divided by z.
16
Suppose 4*f - 318 = -5*t, 5*f = -t + 3*t - 114. Let j = t + -23. Suppose 4*g + 56 = 8*g. Calculate the remainder when j is divided by g.
11
Calculate the remainder when 43 is divided by (15/12)/((-1)/(-12)).
13
What is the remainder when ((-108)/(-10))/((-1)/(-5)) is divided by 19?
16
Suppose -o = -54 - 6. Calculate the remainder when o is divided by 31.
29
Let i(k) = k**2 + k + 2. Let s be i(-2). Let c(t) 